inder when 16 is divided by j.
4
Let z(n) = -9*n + 3. Calculate the remainder when 45 is divided by z(-1).
9
Suppose 0 = 4*c - i - 32, -2*c + 22 = -2*i + 6. Let u(f) = -f**3 + 9*f**2 + 5*f + 1. Calculate the remainder when u(9) is divided by c.
6
Let x(z) = 7*z. Calculate the remainder when x(6) is divided by 23.
19
Suppose 0 = -8*g + 144. Calculate the remainder when 232 is divided by g.
16
What is the remainder when (6/(-5))/(11/(-330)) is divided by 20?
16
Suppose 438 = 4*v + 4*y - 2*y, -v - 3*y = -107. What is the remainder when v is divided by 28?
26
Let b be (8/(-6))/(1/(-3)). Suppose -2*a + 2*d - 3 = 3*d, -d - b = a. Let o = 6 + a. Calculate the remainder when o is divided by 4.
3
Suppose -v - 9 = -54. What is the remainder when v is divided by 12?
9
Suppose 2*q - 9 = -3*r, -5*q = -r - r - 13. Suppose -2*m + 6 = p - 12, 5*m - 10 = p. What is the remainder when 27 + ((-2)/r - -4) is divided by p?
9
Let y(r) = r - 7. Let x be y(7). Suppose x*b - 4 = -b. Suppose b*o - m - 79 = 0, 5*m + 36 = 3*o - 36. Calculate the remainder when o is divided by 10.
9
Suppose 3*c - 18 = -4*v + 15, 3*v - 5*c - 32 = 0. Calculate the remainder when 32 is divided by v.
5
Calculate the remainder when (-232)/(-12) + 4/6 is divided by 11.
9
Let n = 8 - 6. Let w(m) = 3*m + 2. Let g(y) = 3*y**2 - 5*y + 3. What is the remainder when g(3) is divided by w(n)?
7
Suppose -7 = 3*y - 73. Suppose 48 = -4*l - 12. Let d = -3 - l. What is the remainder when y is divided by d?
10
Let r = 71 + -1. Calculate the remainder when r is divided by 12.
10
Suppose 2*m = -26 + 78. What is the remainder when m is divided by 21*((-42)/9)/(-7)?
12
Let f(m) = -m + 5. What is the remainder when 167 is divided by f(-16)?
20
Calculate the remainder when 27 is divided by (170/(-40) - -5)/((-2)/(-8)).
0
Suppose -c + 32 = 3*f - 4, 0 = -5*f + 2*c + 71. What is the remainder when 51 is divided by f?
12
Let s = 8 + 2. Let y = 21 + -2. Calculate the remainder when y is divided by s.
9
Let s be (-8)/12*(-93)/2. Let n = s + -16. What is the remainder when 73 is divided by n?
13
Suppose 0 = 5*s - 637 - 813. Suppose 3*r = 7 - 1. What is the remainder when 58 is divided by s/15 - r/(-3)?
18
Suppose -22 = -4*r + 14. What is the remainder when r is divided by 3?
0
Calculate the remainder when 67 is divided by (-9)/3 - (-1 - 21).
10
What is the remainder when (-16)/(-2)*(-1357)/(-92) is divided by 17?
16
Suppose -l = -6*l - 150. Let p = 61 + l. What is the remainder when 27 is divided by 4/10*(4 + p)?
13
Let z(m) = 14*m**3 - 1. Suppose 4*u = -8 + 16. Calculate the remainder when z(u) is divided by 28.
27
Let p(n) = n**3 - 9*n**2 - 11*n + 5. Let w be p(10). Let u = w + 7. Suppose 0 = -u*v + 43 + 31. Calculate the remainder when v is divided by 13.
11
Suppose 7*t - 6*t - 14 = 0. Let y = 9 - 5. Suppose -m = 3*r - 23, 3*m - r - y = 3*r. What is the remainder when t is divided by m?
6
Suppose 5*b = 5*u + 90, -5*b + 2*u = -0*u - 81. Let p = 28 - b. Calculate the remainder when 51 is divided by p.
12
Suppose -5*u = -d - 37, 2*u + d = -0*d + 19. What is the remainder when 14 is divided by u?
6
Suppose -5*s = 4*k + 16, 0*k + 3*k + 3*s + 9 = 0. Let o(q) = q**2 - 6*q - 2. Let t be o(6). Let j = t - -3. Calculate the remainder when j is divided by k.
0
Suppose 2*c - 6*c + 56 = 0. Suppose -3 = 4*w - 15. Suppose 0 = -w*u + 8*u - 25. What is the remainder when c is divided by u?
4
Suppose -15*x + 13*x = -166. Calculate the remainder when x is divided by 17.
15
Let f = -10 + 25. Calculate the remainder when 28 is divided by f.
13
Let f = 7 - 7. Suppose -m + 2*y = y + 1, 3*m + 3*y - 21 = f. Calculate the remainder when 6 is divided by m.
0
What is the remainder when (-40)/6*18/(-12) is divided by 2?
0
Let h = -26 + 42. Calculate the remainder when 47 is divided by h.
15
Suppose -52 = -5*y + 3*j - 1, -2*j = 2*y - 14. Calculate the remainder when 31 is divided by y.
4
Let g(d) = 4*d**2 + d - 1. Let m be g(1). Suppose 0*f + 21 = n + m*f, 5*f = -4*n + 40. What is the remainder when 12 is divided by n?
2
Let a = 63 + -29. Let y = -14 + a. Calculate the remainder when y is divided by 11.
9
Let u = -140 - -206. What is the remainder when u is divided by 34?
32
Let r be (1 - -1)/(8/20). Suppose 1 - r = -d. What is the remainder when 6 is divided by d?
2
Let o(n) = n**2 + 6*n + 5. What is the remainder when o(-8) is divided by 6?
3
Let v = 234 - 164. Calculate the remainder when v is divided by 9.
7
Suppose -4*k + 343 = 3*m - 6*m, m = -2*k + 169. What is the remainder when k is divided by 22?
19
Let l = -13 + 18. Let p(t) = -5*t + 4. Let k be p(-7). Let d = k - 25. Calculate the remainder when d is divided by l.
4
Suppose -3*b = 2*p - 51, -2*p + 117 = 2*p + 3*b. What is the remainder when 117 is divided by p?
18
Calculate the remainder when 16 is divided by (-95)/(-50)*6 + 2/(-5).
5
Suppose 2*i - 6*i + 64 = 0. Calculate the remainder when 45 is divided by i.
13
Let i(b) = b**2 - 4*b + 5. Let q(u) = 6*u**2 - u**3 + 2 + 5*u - 4*u + 0 - 4. What is the remainder when i(5) is divided by q(6)?
2
Suppose -3*o = o - 48. What is the remainder when -1 + (2 - (-32)/1 - 0) is divided by o?
9
Let d = 5 + 24. What is the remainder when 114 is divided by d?
27
Suppose 0 = 5*k + 20, -3*z + 2*z + 5*k = -23. Suppose 2*c = z*c. Suppose 2*t = y + 5*t - 14, 4*y - 2*t = c. What is the remainder when 5 is divided by y?
1
Let m = -18 - -49. Suppose 0 = -5*w + 73 + 22. Let t = 30 - w. What is the remainder when m is divided by t?
9
Let f(r) = 11*r - 3. Let o be f(4). Suppose 0 = 5*p - o - 9. Calculate the remainder when p is divided by 6.
4
Suppose -5*t = g + 56, 5*g = -2*t - t - 16. Let l = -10 - t. What is the remainder when l is divided by 2?
0
Let m = -83 - -183. Suppose 0 = -2*f - 5*y + m, -4*y - 77 = -2*f + 5. What is the remainder when f is divided by 12?
9
Let d(x) = 7*x + 6*x**2 + 4 + 2*x - 4*x**2. Suppose g + 4*j = 3*g + 4, 5*g - 4*j - 20 = 0. What is the remainder when d(-6) is divided by g?
6
Let k = -12 + -72. Let x be (k/(-30))/((-2)/(-30)). Suppose -x = -3*s - 0*s. What is the remainder when 25 is divided by s?
11
Let j be -14 - 1*2/(-1). Let q = j + 34. What is the remainder when q is divided by 6?
4
Suppose -2*g + 9 = 1. Let p = -21 + 32. Calculate the remainder when p is divided by g.
3
Suppose -f + 3*d = -30, 5*f = f + 2*d + 70. Calculate the remainder when 73 is divided by f.
13
Suppose 0 = 6*r - 3*r + 36. Let z = -1 - r. Calculate the remainder when z is divided by 7.
4
Let v = -20 - -33. Suppose 4 = -0*x + 2*x. Calculate the remainder when v is divided by x + 0 + 4 - 1.
3
Let y be 3 - (-14)/(0 - -2). Suppose -5*q = -4*s - y - 21, -4*s = -4. Suppose 8 = 5*c - 12. What is the remainder when q is divided by c?
3
Let a = 51 + 23. What is the remainder when a is divided by 11?
8
Suppose -10 = -3*r - 2*r. Suppose 3*i - 33 = 3*b, -19 = -3*i + r*b + 12. Calculate the remainder when i is divided by 4.
1
Let z = -19 + 34. Suppose -3*u = -4*l - 19, l = -2*u + 17 + 3. Calculate the remainder when z is divided by u.
6
What is the remainder when (-72)/(-3)*(-8)/(-6) is divided by 18?
14
Let b = -91 + 130. Let z = b - 23. Let i(k) = -k**3 - 19*k**2 + 18*k - 10. Calculate the remainder when i(-20) is divided by z.
14
What is the remainder when 604/10 + 14/(-35) is divided by 7?
4
Suppose -2*t + 0*t - 20 = 0. Let i(b) = -4*b - 4. What is the remainder when 4/t + 351/15 is divided by i(-3)?
7
Let t = -4 - -6. Calculate the remainder when 25 is divided by 0 + 11 - (-4)/t.
12
Calculate the remainder when (-54)/(-8)*240/18 is divided by 13.
12
Suppose 4 - 1 = -s, -2*l - 3*s + 55 = 0. Calculate the remainder when l is divided by 11.
10
Suppose -5*n = 2*s - 53, 5*n - 21 = -3*s + 36. Calculate the remainder when n is divided by 7.
2
Let u(y) = 2*y**2 + 7*y - 1. Suppose -5*v - 3*c = 5, -3 - 7 = -2*c. Calculate the remainder when 8 is divided by u(v).
2
Suppose -14 = -z - 2*d, 3*z + 4*d - 26 = 6*d. Calculate the remainder when 4/(-3)*(-54)/4 is divided by z.
8
Let p(v) = -v**2 + v + 7. Let c(i) = -i**2 + i + 8. Let f(x) = 4*c(x) - 5*p(x). Let g be f(4). What is the remainder when 38 is divided by (39/g)/((-2)/(-6))?
12
Suppose 42 = t + 3*t + 2*w, 2*w = -3*t + 32. What is the remainder when 39 is divided by t?
9
Suppose 0 = 4*u + 3*b - 47, -2*b + 19 = 3*u - 3